{"id":78980,"date":"2021-12-07T09:25:58","date_gmt":"2021-12-07T09:25:58","guid":{"rendered":"https:\/\/proyectos.comunicaciondigital.es\/wp-content\/uploads\/2021\/12\/UTECA1.png"},"modified":"2022-01-15T01:26:47","modified_gmt":"2022-01-15T01:26:47","slug":"uteca1","status":"inherit","type":"attachment","link":"https:\/\/proyectos.comunicaciondigital.es\/en\/como-combatir-las-fake-news\/uteca1\/","title":{"rendered":"Gr\u00e1fica fake news"},"author":1,"featured_media":0,"comment_status":"open","ping_status":"closed","template":"","meta":{"_et_pb_use_builder":"","_et_pb_old_content":"","_et_gb_content_width":""},"class_list":["post-78980","attachment","type-attachment","status-inherit","hentry"],"yoast_head":"<!-- This site is optimized with the Yoast SEO plugin v27.2 - https:\/\/yoast.com\/product\/yoast-seo-wordpress\/ -->\n<title>Gr\u00e1fica fake news - Portal de proyectos multimedia<\/title>\n<meta name=\"robots\" content=\"index, follow, max-snippet:-1, max-image-preview:large, max-video-preview:-1\" \/>\n<link rel=\"canonical\" href=\"https:\/\/proyectos.comunicaciondigital.es\/wp-content\/uploads\/2021\/12\/UTECA1.png\" \/>\n<meta property=\"og:locale\" content=\"en_GB\" \/>\n<meta property=\"og:type\" content=\"article\" \/>\n<meta property=\"og:title\" content=\"Gr\u00e1fica fake news - Portal de proyectos multimedia\" \/>\n<meta property=\"og:description\" content=\"Gr\u00e1fica que indica que la televisi\u00f3n es el medio m\u00e1s visto con un 55,3%\" \/>\n<meta property=\"og:url\" content=\"https:\/\/proyectos.comunicaciondigital.es\/wp-content\/uploads\/2021\/12\/UTECA1.png\" \/>\n<meta property=\"og:site_name\" content=\"Portal de proyectos multimedia\" \/>\n<meta property=\"article:modified_time\" content=\"2022-01-15T01:26:47+00:00\" \/>\n<meta property=\"og:image\" content=\"https:\/\/proyectos.comunicaciondigital.es\/wp-content\/uploads\/2021\/12\/UTECA1.png\" \/>\n\t<meta property=\"og:image:width\" content=\"368\" \/>\n\t<meta property=\"og:image:height\" content=\"277\" \/>\n\t<meta property=\"og:image:type\" content=\"image\/png\" \/>\n<script type=\"application\/ld+json\" class=\"yoast-schema-graph\">{\"@context\":\"https:\/\/schema.org\",\"@graph\":[{\"@type\":\"WebPage\",\"@id\":\"https:\/\/proyectos.comunicaciondigital.es\/wp-content\/uploads\/2021\/12\/UTECA1.png\",\"url\":\"https:\/\/proyectos.comunicaciondigital.es\/wp-content\/uploads\/2021\/12\/UTECA1.png\",\"name\":\"Gr\u00e1fica fake news - Portal de proyectos multimedia\",\"isPartOf\":{\"@id\":\"https:\/\/proyectos.comunicaciondigital.es\/#website\"},\"datePublished\":\"2021-12-07T09:25:58+00:00\",\"dateModified\":\"2022-01-15T01:26:47+00:00\",\"breadcrumb\":{\"@id\":\"https:\/\/proyectos.comunicaciondigital.es\/wp-content\/uploads\/2021\/12\/UTECA1.png#breadcrumb\"},\"inLanguage\":\"en-GB\",\"potentialAction\":[{\"@type\":\"ReadAction\",\"target\":[\"https:\/\/proyectos.comunicaciondigital.es\/wp-content\/uploads\/2021\/12\/UTECA1.png\"]}]},{\"@type\":\"BreadcrumbList\",\"@id\":\"https:\/\/proyectos.comunicaciondigital.es\/wp-content\/uploads\/2021\/12\/UTECA1.png#breadcrumb\",\"itemListElement\":[{\"@type\":\"ListItem\",\"position\":1,\"name\":\"Portada\",\"item\":\"https:\/\/proyectos.comunicaciondigital.es\/\"},{\"@type\":\"ListItem\",\"position\":2,\"name\":\"FAKE NEWS\",\"item\":\"https:\/\/proyectos.comunicaciondigital.es\/como-combatir-las-fake-news\/\"},{\"@type\":\"ListItem\",\"position\":3,\"name\":\"Gr\u00e1fica fake news\"}]},{\"@type\":\"WebSite\",\"@id\":\"https:\/\/proyectos.comunicaciondigital.es\/#website\",\"url\":\"https:\/\/proyectos.comunicaciondigital.es\/\",\"name\":\"Portal de proyectos multimedia\",\"description\":\"Grupo Ciberimaginario\",\"potentialAction\":[{\"@type\":\"SearchAction\",\"target\":{\"@type\":\"EntryPoint\",\"urlTemplate\":\"https:\/\/proyectos.comunicaciondigital.es\/?s={search_term_string}\"},\"query-input\":{\"@type\":\"PropertyValueSpecification\",\"valueRequired\":true,\"valueName\":\"search_term_string\"}}],\"inLanguage\":\"en-GB\"}]}<\/script>\n<!-- \/ Yoast SEO plugin. -->","yoast_head_json":{"title":"Gr\u00e1fica fake news - Portal de proyectos multimedia","robots":{"index":"index","follow":"follow","max-snippet":"max-snippet:-1","max-image-preview":"max-image-preview:large","max-video-preview":"max-video-preview:-1"},"canonical":"https:\/\/proyectos.comunicaciondigital.es\/wp-content\/uploads\/2021\/12\/UTECA1.png","og_locale":"en_GB","og_type":"article","og_title":"Gr\u00e1fica fake news - Portal de proyectos multimedia","og_description":"Gr\u00e1fica que indica que la televisi\u00f3n es el medio m\u00e1s visto con un 55,3%","og_url":"https:\/\/proyectos.comunicaciondigital.es\/wp-content\/uploads\/2021\/12\/UTECA1.png","og_site_name":"Portal de proyectos multimedia","article_modified_time":"2022-01-15T01:26:47+00:00","og_image":[{"width":368,"height":277,"url":"https:\/\/proyectos.comunicaciondigital.es\/wp-content\/uploads\/2021\/12\/UTECA1.png","type":"image\/png"}],"schema":{"@context":"https:\/\/schema.org","@graph":[{"@type":"WebPage","@id":"https:\/\/proyectos.comunicaciondigital.es\/wp-content\/uploads\/2021\/12\/UTECA1.png","url":"https:\/\/proyectos.comunicaciondigital.es\/wp-content\/uploads\/2021\/12\/UTECA1.png","name":"Gr\u00e1fica fake news - Portal de proyectos multimedia","isPartOf":{"@id":"https:\/\/proyectos.comunicaciondigital.es\/#website"},"datePublished":"2021-12-07T09:25:58+00:00","dateModified":"2022-01-15T01:26:47+00:00","breadcrumb":{"@id":"https:\/\/proyectos.comunicaciondigital.es\/wp-content\/uploads\/2021\/12\/UTECA1.png#breadcrumb"},"inLanguage":"en-GB","potentialAction":[{"@type":"ReadAction","target":["https:\/\/proyectos.comunicaciondigital.es\/wp-content\/uploads\/2021\/12\/UTECA1.png"]}]},{"@type":"BreadcrumbList","@id":"https:\/\/proyectos.comunicaciondigital.es\/wp-content\/uploads\/2021\/12\/UTECA1.png#breadcrumb","itemListElement":[{"@type":"ListItem","position":1,"name":"Portada","item":"https:\/\/proyectos.comunicaciondigital.es\/"},{"@type":"ListItem","position":2,"name":"FAKE NEWS","item":"https:\/\/proyectos.comunicaciondigital.es\/como-combatir-las-fake-news\/"},{"@type":"ListItem","position":3,"name":"Gr\u00e1fica fake news"}]},{"@type":"WebSite","@id":"https:\/\/proyectos.comunicaciondigital.es\/#website","url":"https:\/\/proyectos.comunicaciondigital.es\/","name":"Portal de proyectos multimedia","description":"Grupo Ciberimaginario","potentialAction":[{"@type":"SearchAction","target":{"@type":"EntryPoint","urlTemplate":"https:\/\/proyectos.comunicaciondigital.es\/?s={search_term_string}"},"query-input":{"@type":"PropertyValueSpecification","valueRequired":true,"valueName":"search_term_string"}}],"inLanguage":"en-GB"}]}},"description":{"rendered":"<p class=\"attachment\"><a href='https:\/\/proyectos.comunicaciondigital.es\/wp-content\/uploads\/2021\/12\/UTECA1.png'><img loading=\"lazy\" decoding=\"async\" width=\"300\" height=\"226\" src=\"https:\/\/proyectos.comunicaciondigital.es\/wp-content\/uploads\/2021\/12\/UTECA1-300x226.png\" class=\"attachment-medium size-medium\" alt=\"Gr\u00e1fica\" srcset=\"https:\/\/proyectos.comunicaciondigital.es\/wp-content\/uploads\/2021\/12\/UTECA1-300x226.png 300w, https:\/\/proyectos.comunicaciondigital.es\/wp-content\/uploads\/2021\/12\/UTECA1.png 368w\" sizes=\"(max-width: 300px) 100vw, 300px\" longdesc=\"https:\/\/proyectos.comunicaciondigital.es\/en?longdesc=78980&amp;referrer=78980\" id=\"longdesc-return-78980\" \/><\/a><\/p>\n<p>Gr\u00e1fica que indica que la televisi\u00f3n es el medio m\u00e1s visto con un 55,3%<\/p>\n"},"caption":{"rendered":"<p>Gr\u00e1fica que indica que la televisi\u00f3n es el medio m\u00e1s visto con un 55,3%<\/p>\n"},"alt_text":"Gr\u00e1fica","media_type":"image","mime_type":"image\/png","media_details":{"width":368,"height":277,"file":"2021\/12\/UTECA1.png","sizes":{"medium":{"file":"UTECA1-300x226.png","width":300,"height":226,"mime_type":"image\/png","source_url":"https:\/\/proyectos.comunicaciondigital.es\/wp-content\/uploads\/2021\/12\/UTECA1-300x226.png"},"thumbnail":{"file":"UTECA1-150x150.png","width":150,"height":150,"mime_type":"image\/png","source_url":"https:\/\/proyectos.comunicaciondigital.es\/wp-content\/uploads\/2021\/12\/UTECA1-150x150.png"},"et-pb-post-main-image":{"file":"UTECA1-368x250.png","width":368,"height":250,"mime_type":"image\/png","source_url":"https:\/\/proyectos.comunicaciondigital.es\/wp-content\/uploads\/2021\/12\/UTECA1-368x250.png"},"full":{"file":"UTECA1.png","width":368,"height":277,"mime_type":"image\/png","source_url":"https:\/\/proyectos.comunicaciondigital.es\/wp-content\/uploads\/2021\/12\/UTECA1.png"}},"image_meta":{"aperture":"0","credit":"","camera":"","caption":"","created_timestamp":"0","copyright":"","focal_length":"0","iso":"0","shutter_speed":"0","title":"","orientation":"0","keywords":[]}},"post":78759,"source_url":"https:\/\/proyectos.comunicaciondigital.es\/wp-content\/uploads\/2021\/12\/UTECA1.png","_links":{"self":[{"href":"https:\/\/proyectos.comunicaciondigital.es\/en\/wp-json\/wp\/v2\/media\/78980","targetHints":{"allow":["GET"]}}],"collection":[{"href":"https:\/\/proyectos.comunicaciondigital.es\/en\/wp-json\/wp\/v2\/media"}],"about":[{"href":"https:\/\/proyectos.comunicaciondigital.es\/en\/wp-json\/wp\/v2\/types\/attachment"}],"author":[{"embeddable":true,"href":"https:\/\/proyectos.comunicaciondigital.es\/en\/wp-json\/wp\/v2\/users\/1"}],"replies":[{"embeddable":true,"href":"https:\/\/proyectos.comunicaciondigital.es\/en\/wp-json\/wp\/v2\/comments?post=78980"}],"wp:attached-to":[{"embeddable":true,"post_type":"post","id":78759,"href":"https:\/\/proyectos.comunicaciondigital.es\/en\/wp-json\/wp\/v2\/posts\/78759"}],"curies":[{"name":"wp","href":"https:\/\/api.w.org\/{rel}","templated":true}]}}

Gráfica fake news

<!-- This site is optimized with the Yoast SEO plugin v27.2 - https://yoast.com/product/yoast-seo-wordpress/ -->
<title>Gráfica fake news - Portal de proyectos multimedia</title>
<meta name="robots" content="index, follow, max-snippet:-1, max-image-preview:large, max-video-preview:-1" />
<link rel="canonical" href="https://proyectos.comunicaciondigital.es/wp-content/uploads/2021/12/UTECA1.png" />
<meta property="og:locale" content="en_GB" />
<meta property="og:type" content="article" />
<meta property="og:title" content="Gráfica fake news - Portal de proyectos multimedia" />
<meta property="og:description" content="Gráfica que indica que la televisión es el medio más visto con un 55,3%" />
<meta property="og:url" content="https://proyectos.comunicaciondigital.es/wp-content/uploads/2021/12/UTECA1.png" />
<meta property="og:site_name" content="Portal de proyectos multimedia" />
<meta property="article:modified_time" content="2022-01-15T01:26:47+00:00" />
<meta property="og:image" content="https://proyectos.comunicaciondigital.es/wp-content/uploads/2021/12/UTECA1.png" />
	<meta property="og:image:width" content="368" />
	<meta property="og:image:height" content="277" />
	<meta property="og:image:type" content="image/png" />
<script type="application/ld+json" class="yoast-schema-graph">{"@context":"https://schema.org","@graph":[{"@type":"WebPage","@id":"https://proyectos.comunicaciondigital.es/wp-content/uploads/2021/12/UTECA1.png","url":"https://proyectos.comunicaciondigital.es/wp-content/uploads/2021/12/UTECA1.png","name":"Gráfica fake news - Portal de proyectos multimedia","isPartOf":{"@id":"https://proyectos.comunicaciondigital.es/#website"},"datePublished":"2021-12-07T09:25:58+00:00","dateModified":"2022-01-15T01:26:47+00:00","breadcrumb":{"@id":"https://proyectos.comunicaciondigital.es/wp-content/uploads/2021/12/UTECA1.png#breadcrumb"},"inLanguage":"en-GB","potentialAction":[{"@type":"ReadAction","target":["https://proyectos.comunicaciondigital.es/wp-content/uploads/2021/12/UTECA1.png"]}]},{"@type":"BreadcrumbList","@id":"https://proyectos.comunicaciondigital.es/wp-content/uploads/2021/12/UTECA1.png#breadcrumb","itemListElement":[{"@type":"ListItem","position":1,"name":"Portada","item":"https://proyectos.comunicaciondigital.es/"},{"@type":"ListItem","position":2,"name":"FAKE NEWS","item":"https://proyectos.comunicaciondigital.es/como-combatir-las-fake-news/"},{"@type":"ListItem","position":3,"name":"Gráfica fake news"}]},{"@type":"WebSite","@id":"https://proyectos.comunicaciondigital.es/#website","url":"https://proyectos.comunicaciondigital.es/","name":"Portal de proyectos multimedia","description":"Grupo Ciberimaginario","potentialAction":[{"@type":"SearchAction","target":{"@type":"EntryPoint","urlTemplate":"https://proyectos.comunicaciondigital.es/?s={search_term_string}"},"query-input":{"@type":"PropertyValueSpecification","valueRequired":true,"valueName":"search_term_string"}}],"inLanguage":"en-GB"}]}</script>
<!-- / Yoast SEO plugin. -->

Gráfica fake news - Portal de proyectos multimedia

Gráfica que indica que la televisión es el medio más visto con un 55,3%

<p class="attachment"><a href='https://proyectos.comunicaciondigital.es/wp-content/uploads/2021/12/UTECA1.png'><img loading="lazy" decoding="async" width="300" height="226" src="https://proyectos.comunicaciondigital.es/wp-content/uploads/2021/12/UTECA1-300x226.png" class="attachment-medium size-medium" alt="Gráfica" srcset="https://proyectos.comunicaciondigital.es/wp-content/uploads/2021/12/UTECA1-300x226.png 300w, https://proyectos.comunicaciondigital.es/wp-content/uploads/2021/12/UTECA1.png 368w" sizes="(max-width: 300px) 100vw, 300px" longdesc="https://proyectos.comunicaciondigital.es/en?longdesc=78980&amp;referrer=78980" id="longdesc-return-78980" /></a></p>
<p>Gráfica que indica que la televisión es el medio más visto con un 55,3%</p>

<p>Gráfica que indica que la televisión es el medio más visto con un 55,3%</p>

Gráfica
